s the tens digit of 180015427?
2
What is the hundred thousands digit of 458163287?
1
What is the thousands digit of 155475234?
5
What is the hundred thousands digit of 3755105540?
1
What is the hundreds digit of 75305465?
4
What is the tens digit of 202733356?
5
What is the ten thousands digit of 1315711625?
1
What is the millions digit of 130910159?
0
What is the ten thousands digit of 1174704193?
0
What is the units digit of 64349097?
7
What is the hundred thousands digit of 99586663?
5
What is the hundred millions digit of 1625845269?
6
What is the thousands digit of 6833633758?
3
What is the units digit of 342862870?
0
What is the millions digit of 810458215?
0
What is the units digit of 156098455?
5
What is the units digit of 15962130?
0
What is the millions digit of 3769383914?
9
What is the thousands digit of 50666074?
6
What is the billions digit of 3006513468?
3
What is the units digit of 1150838779?
9
What is the units digit of 58944000?
0
What is the hundred thousands digit of 1369672505?
6
What is the thousands digit of 751715977?
5
What is the hundred thousands digit of 2163498158?
4
What is the ten thousands digit of 196486452?
8
What is the tens digit of 12056886?
8
What is the hundreds digit of 1302712351?
3
What is the hundreds digit of 30483790?
7
What is the hundred thousands digit of 80692479?
6
What is the ten thousands digit of 841700746?
0
What is the thousands digit of 6498321643?
1
What is the tens digit of 2793045977?
7
What is the tens digit of 35593680?
8
What is the ten thousands digit of 74421712?
2
What is the thousands digit of 259353341?
3
What is the ten millions digit of 4377576385?
7
What is the thousands digit of 807955963?
5
What is the ten millions digit of 1630387258?
3
What is the tens digit of 989154004?
0
What is the ten millions digit of 14507673?
1
What is the tens digit of 75896816?
1
What is the thousands digit of 197137637?
7
What is the millions digit of 22952486?
2
What is the millions digit of 121141542?
1
What is the ten thousands digit of 33701268?
0
What is the millions digit of 1916903057?
6
What is the ten thousands digit of 42488979?
8
What is the millions digit of 2327020554?
7
What is the units digit of 1833107?
7
What is the hundred millions digit of 1818491797?
8
What is the millions digit of 26586763?
6
What is the hundreds digit of 17810441?
4
What is the hundred thousands digit of 132729581?
7
What is the millions digit of 97806774?
7
What is the ten millions digit of 5498350211?
9
What is the thousands digit of 6891802?
1
What is the millions digit of 581875275?
1
What is the thousands digit of 3136730812?
0
What is the thousands digit of 866583935?
3
What is the units digit of 635392666?
6
What is the millions digit of 138466991?
8
What is the tens digit of 849391966?
6
What is the ten thousands digit of 1969935463?
3
What is the ten thousands digit of 580737441?
3
What is the ten thousands digit of 996594019?
9
What is the units digit of 109579388?
8
What is the units digit of 48995824?
4
What is the millions digit of 1602786645?
2
What is the thousands digit of 102054333?
4
What is the units digit of 46154731?
1
What is the millions digit of 258148011?
8
What is the hundreds digit of 108370054?
0
What is the tens digit of 1894566742?
4
What is the millions digit of 3193240078?
3
What is the tens digit of 1325544504?
0
What is the tens digit of 132453082?
8
What is the units digit of 1359300223?
3
What is the units digit of 185612939?
9
What is the hundreds digit of 790329042?
0
What is the units digit of 976565480?
0
What is the ten millions digit of 4064315865?
6
What is the thousands digit of 14856976?
6
What is the millions digit of 8028486?
8
What is the hundred thousands digit of 9884974?
8
What is the ten millions digit of 86027723?
8
What is the tens digit of 3679548909?
0
What is the thousands digit of 1841007688?
7
What is the hundred thousands digit of 5075087447?
0
What is the hundred millions digit of 129004426?
1
What is the millions digit of 36379875?
6
What is the hundred thousands digit of 91036104?
0
What is the ten thousands digit of 80673209?
7
What is the thousands digit of 32408601?
8
What is the billions digit of 1189638256?
1
What is the thousands digit of 130833279?
3
What is the hundreds digit of 5632702825?
8
What is the ten millions digit of 3048060030?
4
What is the tens digit of 32498599?
9
What is the hundred thousands digit of 61364909?
3
What is the millions digit of 18913971?
8
What is the units digit of 40144292?
2
What is the ten millions digit of 213125417?
1
What is the millions digit of 29226930?
9
What is the thousands digit of 6668268?
8
What is the ten millions digit of 1148302683?
4
What is the ten thousands digit of 119533081?
3
What is the ten millions digit of 62928788?
6
What is the units digit of 514058605?
5
What is the hundred thousands digit of 36640471?
6
What is the millions digit of 3556874425?
6
What is the tens digit of 40226771?
7
What is the hundred thousands digit of 247357831?
3
What is the tens digit of 442757268?
6
What is the ten thousands digit of 381743371?
4
What is the hundreds digit of 1671519113?
1
What is the millions digit of 3650751668?
0
What is the ten millions digit of 470734980?
7
What is the hundred thousands digit of 24193282?
1
What is the ten millions digit of 131830719?
3
What is the millions digit of 24671311?
4
What is the units digit of 269736546?
6
What is the thousands digit of 65010652?
0
What is the ten thousands digit of 1559301586?
0
What is the hundred thousands digit of 753540884?
5
What is the units digit of 371822782?
2
What is the ten thousands digit of 2156602105?
0
What is the tens digit of 364930339?
3
What is the thousands digit of 224898830?
8
What is the millions digit of 95964632?
5
What is the ten thousands digit of 1866045575?
4
What is the hundred thousands digit of 295569872?
5
What is the hundred millions digit of 445840903?
4
What is the tens digit of 3277523346?
4
What is the hundreds digit of 501127906?
9
What is the hundreds digit of 2505638?
6
What is the hundred millions digit of 127599426?
1
What is the tens digit of 81413669?
6
What is the hundred millions digit of 1837664831?
8
What is the units digit of 1930234915?
5
What is the hundreds digit of 1637811772?
7
What is the ten thousands digit of 68053225?
5
What is the thousands digit of 110419606?
9
What is the millions digit of 259466073?
9
What is the ten thousands digit of 942812886?
1
What is the hundreds digit of 408706829?
8
What is the hundreds digit of 5179455?
4
What is the tens digit of 116909614?
1
What is the millions digit of 40749336?
0
What is the ten thousands digit of 422256808?
5
What is the millions digit of 151959143?
1
What is the hundreds digit of 646827286?
2
What is the millions digit of 1333455261?
3
What is the tens digit of 38552138?
3
What is the units digit of 2338771?
1
What is the ten millions digit of 270857278?
7
What is the ten millions digit of 1009541668?
0
What is the hundred thousands digit of 52494538?
4
What is the units digit of 729403997?
7
What is the hundreds digit of 48569835?
8
What is the units digit of 3199641?
1
What is the hundreds digit of 959844852?
8
What is the hundred millions digit of 320381791?
3
What is the tens digit of 12583640?
4
What is the units digit of 820309257?
7
What is the hundred thousands digit of 13753448?
7
What is the thousands digit of 301502408?
2
What is the tens digit of 171288655?
5
What is the thousands digit of 1127650847?
0
What is the ten thousands digit of 8555517?
5
What is the thousands digit of 1042310170?
0
What is the hundred thousands digit of 542973818?
9
What is the ten millions digit of 19249160?
1
What is the units digit of 169622844?
4
What is the ten thousands digit of 495834991?
3
What is the hundreds digit of 248078247?
2
What is the hundred thousands digit of 1218085933?
0
What is the thousands digit of 5191791?
1
What is the ten thousands digit of 115346773?
4
What is the hundreds digit of 66211873?
8
What is the hundreds digit of 45940382?
3
What is the millions digit of 1946167392?
6
What is the hundred millions digit of 2542307184?
5
What is the billions digit of 5048155723?
5
What is the thousands digit of